**2 + 17*p + 63. Give n(-2).
1225
Let v(m) = -m**3 - 2*m**2 + 1685*m + 66. What is v(-42)?
-144
Let o(x) = x**2 + 684*x + 22022. Give o(-34).
-78
Let v(m) = -3423*m + 20763. Calculate v(6).
225
Let a(v) = -23*v**3 - 943*v**2 - 57*v - 2458. Give a(-41).
-121
Let i(d) = d**3 + 254*d**2 - 7566*d + 5892. Calculate i(-281).
-9
Let n(v) = 248*v**2 + 22315*v - 438. Determine n(-90).
12
Let q(v) = 265*v**2 - 141519*v + 4826. Give q(534).
20
Let c(n) = -72616*n - 40882803. Determine c(-563).
5
Let x(b) = -5372*b - 2546334. Give x(-474).
-6
Let o(d) = -487*d**3 + 267*d - 265. Calculate o(1).
-485
Let m(g) = 636*g**2 - 765*g - 762. What is m(-1)?
639
Let m(v) = -2186*v - 28086. What is m(-12)?
-1854
Let i(c) = -38*c + 911. Determine i(5).
721
Let u(g) = 1145*g - 77885. Determine u(69).
1120
Let d(t) = -20*t**2 + 613*t + 3854. Calculate d(36).
2
Let o(s) = 110702*s + 774915. What is o(-7)?
1
Let u(a) = 35*a**2 - 95*a - 154. Determine u(7).
896
Let o(c) = c**3 + 157*c**2 + 1515*c + 3653. Determine o(-6).
-1
Let r(a) = 220*a**2 + 260*a + 263. Give r(-1).
223
Let j(g) = -18*g**3 - 577*g**2 - 27*g + 41. What is j(-32)?
-119
Let b(m) = -m**3 + 13*m**2 - 41*m + 77. Determine b(6).
83
Let n(r) = -1778*r**2 - 40894*r + 17. Determine n(-23).
17
Let g(q) = -q**3 - 3239*q**2 - 171981*q + 489. Determine g(-54).
3
Let p(k) = 37111*k + 371091. Give p(-10).
-19
Let z(d) = 17*d**3 + 33*d**2 - 45*d - 155. Determine z(-5).
-1230
Let o(q) = 40*q**2 - 10040*q + 39519. Determine o(4).
-1
Let g(z) = z**3 + 228*z**2 - 464*z + 5971. Calculate g(-230).
6891
Let b(s) = -s**2 + 345252*s + 4143092. Determine b(-12).
-76
Let q(u) = 2150*u**2 - 17213*u - 149. Calculate q(8).
-253
Let n(k) = 93*k**3 + 305*k**2 + 47*k + 28. What is n(-3)?
121
Let l(o) = 72*o**3 - 346*o**2 - 23*o + 5. What is l(5)?
240
Let d(g) = -3943*g + 39385. Calculate d(10).
-45
Let n(d) = -3100*d - 145643. Determine n(-47).
57
Let k(z) = 43146*z - 215732. What is k(5)?
-2
Let r(p) = -2*p**2 + 185*p - 4014. Determine r(42).
228
Let f(s) = 2302*s + 39388. What is f(-17)?
254
Let x(u) = 72305*u - 433831. Determine x(6).
-1
Let i(h) = 3*h**2 + 38*h - 40. Give i(1).
1
Let g(j) = -1463*j - 136066. Calculate g(-93).
-7
Let y(p) = p**3 + 44*p**2 - 47*p - 663. What is y(-46)?
-2733
Let t(v) = 1377*v - 790404. Calculate t(574).
-6
Let i(a) = -6*a**3 + 532*a**2 + 220*a - 70. Calculate i(89).
3668
Let j(f) = f**3 - 190*f**2 - 410*f - 32696. What is j(193)?
-79
Let k(a) = -7641*a + 4655. Determine k(1).
-2986
Let h(m) = -34*m**2 + 5374*m - 154. Calculate h(158).
162
Let n(u) = 234789*u + 1643516. Calculate n(-7).
-7
Let y(s) = -3*s**3 + 69*s**2 + 87*s - 690. Give y(24).
-330
Let c(q) = q**2 + 485*q + 29399. Calculate c(-71).
5
Let q(f) = -1143*f + 800085. What is q(700)?
-15
Let s(r) = 626234*r + 3757409. What is s(-6)?
5
Let l(f) = 4742*f - 9611. Calculate l(2).
-127
Let m(f) = -10*f**2 - 1420*f + 1466. Determine m(-143).
36
Let m(q) = 2*q**3 - 550*q**2 - 561*q + 2496. What is m(276)?
12
Let m(r) = -3*r**3 + 2380*r**2 + 4001*r - 20982. What is m(795)?
-312
Let j(m) = 823584*m - 9883003. Calculate j(12).
5
Let l(a) = -45*a - 2587. Calculate l(-42).
-697
Let n(x) = -1768*x - 728417. Determine n(-412).
-1
Let o(h) = 2356*h - 1519. What is o(1)?
837
Let k(b) = -2*b**3 - 246*b**2 + 249*b + 119. Determine k(-124).
-5
Let h(r) = 20*r**2 + 4806*r - 8228. Determine h(-242).
0
Let f(x) = -x**3 + 79*x**2 - 1413*x + 48. Determine f(51).
813
Let t(b) = b**3 - 9*b**2 + 60*b + 38. What is t(14)?
1858
Let j(d) = -d**3 - 165*d**2 + 831*d - 1000. Calculate j(2).
-6
Let x(c) = 91*c**2 - 2019*c - 52. What is x(22)?
-426
Let j(l) = 21*l**3 - 9*l**2 - 8*l + 17. What is j(-5)?
-2793
Let x(y) = 2*y**3 + 63*y**2 + 689. Determine x(-32).
-335
Let c(n) = 29*n**2 - 246*n + 166. What is c(8)?
54
Let m(s) = -7132*s - 313776. What is m(-44)?
32
Let v(m) = -3*m**2 - 5357*m - 58455. What is v(-11)?
109
Let t(k) = -k**3 - 843*k**2 - 22024*k - 21. Determine t(-27).
-237
Let r(t) = 6087*t + 5258. Determine r(-1).
-829
Let w(k) = -44278*k - 6420325. Determine w(-145).
-15
Let g(z) = -89*z - 1707. What is g(-15)?
-372
Let l(s) = -152*s**2 + 54*s + 143. What is l(1)?
45
Let b(o) = 20209*o + 404176. Calculate b(-20).
-4
Let a(j) = -6*j**2 - 208*j + 69037. What is a(-126)?
-11
Let m(i) = -2*i**3 - 23*i**2 - 64*i - 38. Determine m(-4).
-22
Let a(u) = u**3 + 110*u**2 + 1040*u + 12727. Calculate a(-101).
-504
Let h(c) = -4879*c + 91637. Calculate h(19).
-1064
Let o(f) = f**3 - 392*f**2 - 4165*f + 58070. Calculate o(402).
-220
Let g(j) = 2*j**3 - 54*j**2 + 434*j - 853. Calculate g(13).
57
Let n(t) = -t**2 - 2389*t - 100862. Determine n(-43).
16
Let x(h) = -2893*h - 20609. Give x(-7).
-358
Let g(i) = -114556*i + 395. Give g(0).
395
Let v(t) = -115*t**2 - 13139*t - 3228. Calculate v(-114).
78
Let v(y) = 2*y**3 + 190*y**2 + 377*y - 304. Calculate v(-93).
-769
Let q(z) = z**3 - 7*z**2 + 4*z + 55. What is q(-13)?
-3377
Let y(v) = -11*v**2 + 298*v - 1684. Give y(8).
-4
Let r(d) = 257941*d + 1031750. Calculate r(-4).
-14
Let a(b) = -2*b**2 - 230*b + 53109. Calculate a(115).
209
Let w(r) = 2*r**3 + 22*r**2 + 50*r - 85. What is w(-8)?
-101
Let b(p) = -92*p - 3698. What is b(-35)?
-478
Let n(v) = 148487*v + 2969753. Calculate n(-20).
13
Let u(a) = a**2 + 61665*a - 8281051. Determine u(134).
15
Let m(y) = 9*y**3 - 9*y**2 - 2*y + 91. Give m(8).
4107
Let x(j) = -162*j + 7337. What is x(46)?
-115
Let b(a) = 11436*a + 68999. Calculate b(-6).
383
Let p(k) = 7*k**3 + 23*k**2 + 7*k - 25. What is p(0)?
-25
Let b(j) = 3432*j + 6995. Determine b(-2).
131
Let z(n) = 221*n - 28248. What is z(128)?
40
Let u(l) = l**2 + 204*l - 5183. Give u(-227).
38
Let p(m) = m**3 - 2*m**2 + 38*m + 235. What is p(0)?
235
Let d(j) = -j**2 - 117*j - 2511. Calculate d(-29).
41
Let g(q) = -513124*q - 4104994. Give g(-8).
-2
Let d(m) = 5*m**3 - 189*m**2 + 1778*m - 1027. What is d(15)?
-7
Let z(u) = 30*u**2 - 1474*u + 5718. What is z(45)?
138
Let f(z) = 3704*z + 36962. Determine f(-10).
-78
Let m(n) = n**3 - 31*n**2 + 296*n - 1053. What is m(15)?
-213
Let g(r) = 32699*r + 98092. Give g(-3).
-5
Let a(n) = -5*n**2 + 9162*n + 64179. Calculate a(-7).
-200
Let c(j) = -13893*j - 125033. What is c(-9)?
4
Let r(s) = 6*s**3 + 900*s**2 - 6*s + 396. Give r(-150).
1296
Let r(g) = -2707*g - 105550. Give r(-39).
23
Let w(l) = 436*l**2 + 4366*l - 23. Give w(-10).
-83
Let y(c) = -2007*c - 34122. Calculate y(-17).
-3
Let p(l) = -212*l**2 + 3183*l - 38. What is p(15)?
7
Let g(z) = 20*z**2 - 732*z - 3660. Determine g(-5).
500
Let n(g) = 4*g**3 - 700*g**2 - 2*g + 291. Determine n(175).
-59
Let a(t) = 93629*t + 1123636. Give a(-12).
88
Let u(z) = z**3 + 10*z**2 + 117*z + 792. Give u(-9).
-180
Let x(y) = -2*y**3 + 29*y**2 + 1064*y + 1413. What is x(-16)?
5
Let z(c) = c**2 + 13237*c + 4497912. Determine z(-349).
0
Let b(u) = 14*u**2 + 1882*u - 71775. What is b(31)?
21
Let w(k) = -4*k**3 - 59*k**2 + 7*k + 80. Calculate w(-15).
200
Let q(a) = a**3 + 46*a**2 + 1031*a - 193. What is q(0)?
-193
Let k(j) = -180545*j + 3249850. What is k(18)?
40
Let h(f) = 14172*f - 340131. What is h(24)?
-3
Let l(y) = 5908*y + 3804782. Determine l(-644).
30
Let c(o) = 110*o**2 + 39038*o - 4260. Determine c(-355).
0
Let v(f) = -974*f + 14382. What is v(15)?
-228
Let n(d) = -45615*d - 47227. Calculate n(-1).
-1612
Let t(r) = -19*r**2 - 745*r + 2233. What is t(3)?
-173
Let s(q) = 5*q**2 - 11*q - 219. Calculate s(6).
-105
Let v(p) = p**3 + 75*p**2 - 450*p + 2915. What is v(-81)?
-1
Let n(s) = -47094*s + 1742414. Give n(37).
-64
Let d(v) = 9*v**2 - 297*v + 2357. Determine d(13).
17
Let s(v) = -16*v**3 - 1253*v**2 + 909*v + 3160. Calculate s(-79).
0
Let r(l) = -12*l**2 - 8971*l - 730518. Calculate r(-93).
-3
Let y(z) = 21658*z + 173222. Give y(-8).
-42
Let g(s) = -s**2 - 89*s - 237. Give g(-47).
1737
Let y(c) = -2*c**2 + 4706*c + 2799492. Calculate y(-492).
12
Let v(b) = -1012*b + 77921. Determine v(77).
-3
Let u(z) = -5406*z + 118676. Determine u(22).
-256
Let w(s) = 16413*s + 68313. Determine w(-4).
2661
Let t(l) = l**2 + 13*l - 4457. Give t(65).
613
Let g(f) = -f**3 + 22*f**2 - 85*f + 79. Calculate g(3).
-5
Let j(i) = 2855*i + 43298. What is j(-15)?
473
Let u(m) = 7*m**3 + 103*m**2 + 16*m + 123. Determine u(-10).
3263
Let y(d) = 14*d + 1607. Calculate y(-122)